+ 3*v**2/2 - 1. Let x(h) be the second derivative of d(h). What is x(4)?
-4
Let g be 9 - -2*6/(-4). Let m(j) = g*j**2 + 0 - 2 + 5 - 2*j**2 - j**3 - 4*j. Determine m(2).
3
Let r(x) be the third derivative of 1/3*x**3 + 0*x + 0 - 1/24*x**4 - 1/60*x**5 - x**2. Let f(a) be the first derivative of r(a). Determine f(-3).
5
Let y(z) = 10*z**2 + 6*z - 3. Let l(w) = -9*w**2 - 5*w + 2. Let r = 8 - 11. Let x(a) = r*y(a) - 4*l(a). Determine x(-1).
5
Let f be -1 + (3 - (1 + -3)). Let l(z) = z**3 - 5*z**2 + 2*z - 1. Calculate l(f).
-9
Let v(i) be the third derivative of i**5/60 + i**4/8 - i**3/2 - 4*i**2. Suppose 15 = -5*g - 10. Determine v(g).
7
Let g(r) = r**3 - 5 + 2*r + r**2 - r - r**2. Let n(x) = -4*x + x + 2*x + 4. Let v be n(4). Determine g(v).
-5
Let c = 11 - 6. Let s(d) = 87 - 87 + d. Determine s(c).
5
Let r(y) = -10*y**3 - y**2 - 4*y - 3. Let b(n) = -11*n**3 - n**2 - 3*n - 2. Let q(k) = 4*b(k) - 3*r(k). Determine q(1).
-14
Let h(v) = 7*v - 9. Let c(b) = -4*b + 5. Let q(j) = 10*c(j) + 6*h(j). Determine q(4).
4
Let h = 15 - 14. Let a(b) = -12*b**3 - 1. Calculate a(h).
-13
Let r(d) = 12 - 12 - 4*d**2 - 2*d - d**3. Let v be (8/(-5))/((-2)/5). Suppose 1 = -v*i - 7. What is r(i)?
-4
Let y(i) = 4*i**2 - 2*i - 1. Suppose 0 = -2*h + 3*h + f - 3, -h - 3 = -5*f. Give y(h).
11
Let f(j) = -26*j - 28*j + 50*j + 2 + j**2. Let u(p) = 2*p**2 + 2*p - 1. Let c be u(-2). What is f(c)?
-1
Let o(c) = 11*c + 3 - 4 - 3*c - 5*c. Give o(3).
8
Let a be -1*(4 + (-1 - 6)). Suppose -2*l = -5*h - 5, h + 9 + 15 = 5*l. Let f(w) = 5 - 1 + 2*w**2 + w**3 - 3*w - l*w**2. Give f(a).
-5
Let t(g) be the first derivative of -g**2 + 5*g + 2. Let u = -5 - -10. Give t(u).
-5
Let y(l) be the second derivative of -1/3*l**4 + 0 - l - 1/20*l**5 - 1/3*l**3 + l**2. Determine y(-2).
-2
Let a(k) = k**3 - 4*k**2 - 3*k + 5. Suppose -j - 2*b = -0 + 3, 3*b = 2*j - 22. What is a(j)?
15
Let i = -4 - -7. Let a(k) = 2*k**2 + k**3 + i*k + 2*k**2 + 4 + 2*k. Give a(-3).
-2
Let o be (-2)/(-11) + (-2)/11. Suppose 3*u = -o*u. Let l(i) = 0*i**2 + 3*i + i**2 - 2 + u*i**3 - i**3. Give l(2).
0
Let x(c) = -c**3 + 6*c**2 + 7*c + 1. Let z(d) = 2*d**3 - 12*d**2 - 15*d - 1. Let q(k) = -13*x(k) - 6*z(k). What is q(6)?
-13
Let a(g) = 2*g + 11*g**3 + 3*g**3 - 1 + 16*g**3 - 33*g**3. Suppose 17 = -3*y - 4*i, 2*y - 17 = 5*i + 10. Determine a(y).
-2
Let i(s) be the second derivative of s**3/6 + 3*s**2/2 + 20*s. Give i(-5).
-2
Let v(r) = r**3 + 7*r**2 + 7*r + 6. Let l be 3/(-6)*(1 + 11). Let u be v(l). Let o(b) = b - 9 + 0*b + u*b. Calculate o(5).
-4
Let h(o) = -5*o + 5*o + 5*o - 6*o. Let u(n) = -n**2 + n + 5. Let t be u(0). Give h(t).
-5
Let h(c) = -5 + 0 + 6 - 4*c + 1 + c**2. Calculate h(3).
-1
Let h be 8/(0 - (1 - -1)). Let g(i) = -i**3 - 3*i**2 + 4*i + 2. Give g(h).
2
Let l(c) be the first derivative of c**4/4 + c**3/3 + 2*c + 1. Give l(-2).
-2
Let h(m) = -5*m**2 + 8*m - 9. Let o(c) = c**2 + 1. Let v(d) = -h(d) - 4*o(d). Determine v(6).
-7
Let y(t) = 4*t**2 - 2 + 2*t**2 + 4*t**2 - t**3 - 5*t - 5*t**2. What is y(4)?
-6
Suppose 4*i - 9 + 1 = 0. Let q(z) be the second derivative of 3*z**2 + 0*z**3 + i*z + 0 - 1/12*z**4 - 1/20*z**5. Give q(0).
6
Let d(n) = -n**2 - 7*n - 3. Let a(g) = -g**2 - 2*g + 17. Let m be a(-6). Give d(m).
-3
Suppose -4*h + 7*h - 5*t = 14, 0 = -h + 4*t + 7. Let c be 5/15 - 1/h. Let k(p) = -3 - 4 + p**2 + 0*p**2. Determine k(c).
-7
Let d(y) = 3*y + 4 + y**2 + 3 - 11. Calculate d(-4).
0
Let j = 10 + -8. Let c(w) be the third derivative of w**5/60 + w**3/6 - 7*w**2. Give c(j).
5
Let f(u) = 3 - 2 - 3 - 3*u + 2*u. Let z = -11 + 8. Determine f(z).
1
Let g(m) = 12 - 11 + 3 - 9*m + m**2. What is g(9)?
4
Let y = 40 + -45. Let a(h) be the first derivative of -h**4/4 - 2*h**3 - 2*h**2 + h - 1. Determine a(y).
-4
Let j(u) be the third derivative of u**5/60 + u**4/4 - 11*u**3/6 + 24*u**2. Determine j(-8).
5
Suppose 4*c = 10*c + 3*c. Let o(a) = a**2 - 2 - 2 + 3. Determine o(c).
-1
Let k(g) = g - 3*g**3 + 23*g**3 - 12*g**3 - g**3. What is k(-1)?
-8
Let h(t) = -6*t - t - 3*t - 19*t. Determine h(-1).
29
Let n(q) = q**2 + q - 4. Suppose -14 = w + 4*p + 2, -11 = w + 3*p. Let y(b) = -2*b + 8. Let c be y(w). Calculate n(c).
-4
Let o = 1 + -1. Let u(c) = -1 + o*c + c**2 - c + 0*c**2. Let y be 1/(((-36)/(-8))/(-9)). What is u(y)?
5
Let n(m) = -m + m - 5*m. Determine n(2).
-10
Let c(b) = b**2 + 8*b + 12. Suppose 3*l = i + l, -2*l = -5*i - 32. Determine c(i).
12
Let i(m) be the third derivative of -3*m**5/40 - m**3/6 + m**2. Let j(w) be the first derivative of i(w). What is j(1)?
-9
Let f(t) = t**2 - 3*t - 2. Let j(i) = -2*i**3 - 4*i**2 - 2*i + 1. Let w be j(-2). Let v be (9 + 1)/(1/2). Suppose 0 = w*k - 5 - v. What is f(k)?
8
Let z(r) be the second derivative of 3*r**5/10 - r**4/6 - r**3/3 - r**2/2 - 34*r. Calculate z(-1).
-7
Suppose 4*x = -3*f + 12, -5*x + 0*f + 15 = 4*f. Let p = -6 + 9. Let h(k) = 3 - p*k + 2 + 2*k. Determine h(x).
2
Let p(h) = h - 4. Let l(g) = g**3 + 7*g**2 + 8*g + 14. Let q be l(-6). Give p(q).
-2
Let l(o) = -7*o**2 - o. Let f(y) = -7*y + 9 - 10 + y**2 + 6*y. Let i be f(-1). Give l(i).
-8
Let h be (1/2)/(10/60). Let r(c) = -4*c + h*c + 2*c. Determine r(6).
6
Suppose 3*c + 2 - 11 = 0. Suppose -5*x - 3*j - c = 0, -2 = -4*x - 2*j - 6. Let l(z) be the third derivative of z**4/8 + z**3/6 - z**2. What is l(x)?
-8
Suppose 6*p + 60 = -0. Let g(c) = 2*c + 11. Calculate g(p).
-9
Let p be ((-4)/4 + 3)/1. Let t(b) = 2*b - 3. Calculate t(p).
1
Let j(f) = f + 2. Suppose -4*g - g - 25 = 0. Let u(l) = -2*l - 4. Let a(s) = g*j(s) - 3*u(s). Give a(2).
4
Let r = 45 - 43. Suppose 4 = 2*s - 10. Let m(i) = 5*i**2 + 8*i. Let j(b) = -4*b**2 - 7*b. Let n(k) = s*j(k) + 6*m(k). Calculate n(r).
6
Let q = 3 + 2. Let r(s) = s**3 - 6*s**2 + 3*s + 6. Give r(q).
-4
Let r(k) = 94 - 45 - 45 - 4*k + k**2. Calculate r(3).
1
Let p(w) = w**3 + 5*w**2 + 3*w - 5. Suppose 2*j - 6 = 3*j. Let s be 4*(15/j)/(-5). Suppose -2*k - 2 = 2*b, -3*b = -s*k - 15 - 2. Calculate p(k).
-1
Let g be 3/15 - (-1)/(-5). Suppose 0 = h - 2*d - g*d - 1, -3*h + 2*d = 9. Let f(z) = z**2 + 3*z - 4. What is f(h)?
6
Let s be (-2)/(1 - -3)*-2. Let f(w) = -2*w + 7. Let j(q) = -3*q + 6. Let k(d) = 5*f(d) - 6*j(d). Calculate k(s).
7
Let u = 1 + 2. Suppose 0 = u*t - 2*y + 7 - 2, -2 = -t - 3*y. Let i(f) = -7*f**3 - 1. Calculate i(t).
6
Let r = 9 - 15. Let j(x) = -x**3 - 6*x**2 - 2*x - 2. Determine j(r).
10
Let b(i) = i**3 + 2*i**2 + i + 1. Let d be b(-1). Let r(u) = 6*u + d + 0*u + 3 - 3*u. Determine r(-3).
-5
Let t(i) = -i**3 + 4*i**2 - 7*i + 3. Let x(k) = 2*k**3 - 7*k**2 + 15*k - 6. Let w(a) = -5*t(a) - 2*x(a). What is w(5)?
-3
Let l(n) = n + 30 - 30. Suppose 0*t = -2*t - 6. What is l(t)?
-3
Let c(i) = -i**3 + 2*i**2 + 2*i. Suppose -5*h = -3 - 12. What is c(h)?
-3
Let v(j) = -j**2 - 6*j - 3. Suppose 2*z - z + 5 = 0. Let s be v(z). Let c(h) be the second derivative of h**3/3 - h**2/2 + h. Give c(s).
3
Suppose -2*q = q. Let l(u) = -5 + q - 6*u**2 - u - 3 + 7*u**2. Let d be (18/2)/(-3) - -3. Determine l(d).
-8
Let k(p) = p**2 + 7*p - 10. Suppose -2*q - 28 = -14. Give k(q).
-10
Let h be (-7)/42 + (-37)/(-6). Let x = h - 3. Let b(k) = 2*k - 4. What is b(x)?
2
Let w(r) be the second derivative of -r**4/2 + r**3/6 - r**2/2 + 4*r. Calculate w(1).
-6
Let f(r) = -r**3 + 3*r**2 + 3*r - 4. Suppose -v - 5 = -1. Let l(n) = n**3 + 3*n**2 - 5*n. Let x be l(v). Let k be (2 - 2) + x + -1. What is f(k)?
5
Let x(w) = -w**2 - 7*w - 6. Suppose -3*u + 4*f = 25, u + 0*u + f + 6 = 0. What is x(u)?
-6
Let s(w) be the third derivative of w**5/60 + w**4/3 + 3*w**3/2 + w**2. What is s(-6)?
-3
Suppose j + 4 - 5 = 0. Let i be (2 + j/(-1))*-6. Let c(q) = q + 3. Calculate c(i).
-3
Let k(v) be the third derivative of -v**8/10080 - v**7/1260 + v**6/720 + v**5/12 - 6*v**2. Let w(u) be the third derivative of k(u). What is w(-3)?
-5
Suppose -11 - 5 = 4*s. Let z(y) be the first derivative of -y**5/60 - y**4/6 + y**3/3 - y**2/2 - 1. Let h(b) be the second derivative of z(b). Determine h(s).
2
Let g = 37 - 39. Let l(t) = 2 + 2*t - t - 3*t. What is l(g)?
6
Let b(g) be the third derivative of -g**6/120 + g**5/12 - g**4/8 - g**3/3 - 5*g**2. Give b(3).
7
Let c(z) = z**2 - z + 5. Let o(d) = d - 2. Let v(y) = -2*c(y) - 5*o(y). Calculate v(-2).
-2
Let w(h) = -h**3 + 5*h**2 - 5*h + 1. Let x be (2 - 2) + (-24)/(-6). Give w(x